/1)/4. Give q(m).
2
Let q be -2 + -3 + 5 + 0. Suppose 0 = 3*w - q - 3. Let a(f) = 9*f - 1. Calculate a(w).
8
Let d(x) be the second derivative of 0 - 4*x + 1/12*x**4 - 2*x**2 + 1/2*x**3. Calculate d(-5).
6
Let x = -12 - -17. Let r(g) = 2*g + 5 - 5 + x + 1. Let v(c) = -2*c**3 + 2*c**2 + 3*c - 2. Let m be v(2). What is r(m)?
-2
Let a(i) = i**2 + 5*i + 7. Let x be a(-6). Let g(s) = -7*s + x*s - 10*s. Suppose 4*k = -b - 11 + 1, -8 = k + 3*b. Give g(k).
8
Suppose 0 = -5*m - 36 - 4. Let d(a) = -a**3 - 9*a**2 - 9*a - 11. Give d(m).
-3
Let b(h) = h**3 + 8*h**2 + 8*h + 10. Let z be b(-7). Suppose 5*d = z + 17. Let f(s) = s - 5. What is f(d)?
-1
Let z(x) = 16 - x + 16 - 30. Give z(1).
1
Let g(u) = -51*u + 106*u - 9 - 62*u + u**2. Determine g(7).
-9
Let t(k) = -k**3 - k**2 + k. Let x = 49 + -48. What is t(x)?
-1
Let l(c) = -c**2 + 3*c. Let u(o) be the second derivative of o**5/20 + 5*o**4/12 + 3*o**2/2 + 3*o. Let t be u(-5). Give l(t).
0
Let g(x) = -x**2 + 3*x + 4. Let u be g(5). Let i(j) = 2*j**2 + 2*j - 1. Let f(o) = -o**2 + 2*o - 3. Let k(d) = -f(d) - i(d). Calculate k(u).
-8
Let c be (-12)/(-36) + (-7)/3. Let a(i) = i + 2. Give a(c).
0
Let g(s) = 2*s + 9. Suppose 6*x - 60 = 4*x. Suppose 3*z + x = -2*z. Calculate g(z).
-3
Let z(b) = -b - 1. Let r(s) = s**3 - 7*s**2 + 2*s. Let p(n) = r(n) + z(n). What is p(7)?
6
Suppose -t + 3 = -3. Let w(u) = 6 + 0*u**2 + 5*u**2 - u + 0*u - u**3 + u**2. Give w(t).
0
Let j(s) = -5. Let i(d) = d + 4. Let v(l) = 3*i(l) + 2*j(l). Determine v(2).
8
Let x(h) = -3*h**3 + h**2 + 2*h + 1. Suppose -f + 2*f - 6 = 0. Let u(q) = -q + 5. Let c be u(f). Determine x(c).
3
Let l(h) = 2 + 0*h - 6 + 2*h - 4*h. Let u(c) = c + 2. Suppose 0 = 2*k - 5 - 3. Let w(a) = k*l(a) + 9*u(a). Give w(-2).
0
Let a(c) be the first derivative of 3 + 7/120*c**5 - 1/24*c**4 + 0*c**2 + 0*c + c**3. Let p(n) be the third derivative of a(n). What is p(1)?
6
Let r(l) = -l + 11. Let z be r(0). Suppose 2*o + b - z = 0, -4*b + 1 + 3 = 0. Let j(y) = y - 5. Determine j(o).
0
Let z be (12 + -8)*2/8. Let r(g) = g**2 + 2*g - 1. Calculate r(z).
2
Let q(i) be the first derivative of -i**5/120 - i**4/12 - 4*i**3/3 - 1. Let a(m) be the third derivative of q(m). Suppose 3*f - 2 = 4. Determine a(f).
-4
Suppose -2*o - 5*l = -5 + 4, o + 3*l = 1. Let y(c) = -5*c - 1. What is y(o)?
9
Let b(d) = -d**2 - 5*d - 1. Let g be (3*(-42)/27)/((-4)/(-6)). Calculate b(g).
-15
Let f(z) = 7*z**2 - z. Let y(v) = v**3 + 2*v**2 - 4*v - 2. Suppose 0*n + 3*n - 9 = 0. Suppose x - 5 = 0, -a + n = 4*x - 14. Let r be y(a). Determine f(r).
6
Suppose 0 = -5*u + 3*t + 15, 23 - 3 = 4*u - 4*t. Suppose 0 = y - u - 5. Let o(w) = -35*w - 1 + 2*w**3 + 34*w - w**3 - 5*w**2. Calculate o(y).
-6
Let a(q) = -5*q**2 + q + 9. Let o be (-2)/(-5) + 85/(-25). Let j(u) = 2*u**2 - u - 4. Let x(h) = o*a(h) - 7*j(h). What is x(-4)?
1
Suppose -2*u - 30 = -4*n, 0 = 5*n + 5 - 30. Let y(k) = k + 7. Calculate y(u).
2
Let w(o) be the third derivative of o**6/120 - o**5/10 - o**3 - 39*o**2. Determine w(6).
-6
Let r(m) = -m**2 + 1. Let f = 1 - 10. Let t = f + 6. Calculate r(t).
-8
Let l(n) = -n - 5. Let s(g) = -g**2 + 6*g + 4. Suppose 6*c - c = 25. Suppose 3*v - c = h, 5*h = 5*v + 13 + 2. Let z be s(h). What is l(z)?
-2
Let r be 2/(6/9 - 0). Let p(b) = -b**3 + 5*b**2 + r*b - 5*b - 1 - 3*b**2. Determine p(2).
-5
Let k(t) = 4*t - 3. Let w = 5 + -2. Let u be (w - 4)/(2/8). Let v(x) = -x**2 - 5*x - 1. Let i be v(u). Calculate k(i).
9
Let o(t) = -t - 7. Let g be (17 + 3)/(-2) + 2. Determine o(g).
1
Let g(p) be the third derivative of -1/120*p**6 - 1/2*p**3 - 1/4*p**4 - 1/10*p**5 + 0 - p**2 + 0*p. Let i = 19 - 24. Determine g(i).
2
Let b be (4/12)/(3/18). Let f(t) = -t + b + 1 + 2*t**2 - t + 8*t. Suppose 2*r = -2*o, 3*o - 4*r = -20 - 8. Calculate f(o).
11
Let w(u) = u + 3. Let b = 26 + -30. Give w(b).
-1
Let c(l) be the third derivative of -l**6/120 + l**5/15 + l**4/24 + l**3/6 + 16*l**2. Let m = 0 + 4. What is c(m)?
5
Let a(z) = 7*z**2 + 2 - 12*z**3 + 11*z**3 - 5 + z. Give a(7).
4
Let v(t) = -5*t - 3. Let c(s) = s**2 - 7*s + 4. Let u be c(5). Let f(z) = -6*z - 3. Let n(o) = u*f(o) + 7*v(o). Give n(3).
0
Let s(k) = k**3 - k**2 - 2*k + 1. Let n be s(2). Suppose c = -4 + 5. Let u(w) = w + w + w - c. What is u(n)?
2
Let a(n) be the second derivative of -1/6*n**3 + 5*n + 0 + 0*n**2. Let w = 0 + 0. What is a(w)?
0
Let c(t) = -t**2 + 9*t - 9. Let g = 4 - -2. Calculate c(g).
9
Let n(x) = x**3 - 6*x**2 - 7. Suppose 2*h - 3*f - 9 = 0, 0*h + 5*f + 1 = h. Give n(h).
-7
Let z = -16 + 22. Let p = -2 + z. Suppose -3*q + p*q = 0. Let o(c) = -c**3 + c**2 + c - 5. Give o(q).
-5
Let m(u) = -u**2 - u + 1. Let j = 3 - 4. Let k(d) = 14*d**2 + 6*d - 7. Let p(g) = j*k(g) - 6*m(g). Let r be 9/(-12) + 2/(-8). Calculate p(r).
-7
Suppose 0*y - 4 = -y. Let m(j) = -9*j**2 + 5*j + 4. Let z(l) = -l**2 + l + 1. Let w(u) = y*z(u) - m(u). Determine w(-1).
6
Suppose -15 = -2*j - 3*j. Suppose -18 = -3*b - j. Let v(m) = m + 2. Give v(b).
7
Let v(q) be the first derivative of 4 - q + 15/2*q**2. Determine v(-1).
-16
Let n(b) = -b + 4. Let l be n(6). Let o be (l - -2) + 6/3. Suppose h + 12 = -o*h. Let i(d) = d + 1. Give i(h).
-3
Let d(t) = t - 7. Let w be d(10). Let m(u) = -u**3 + 4*u**2 - 4*u + 4. Calculate m(w).
1
Let x(a) = -4*a + 0*a + 2*a. Let s be (-1)/(0/3 + -1). Calculate x(s).
-2
Let g(f) = 2*f + 4. Let b(w) = -w - 4. Let s(h) = 3*b(h) + 4*g(h). Let q be (0/3 - -1)*-3. What is s(q)?
-11
Let a(y) = 0*y - 1 - 1 + y. Suppose 3*q = -2*q. Let x(s) = s**3 + s**2 - s + 3. Let t be x(q). What is a(t)?
1
Suppose -5*g - 2*o = -23, -3*o = -5*g - 2*o + 11. Let z(t) = -4*t**2 + 7*t + 1. Let m(k) = -2*k**2 + 4*k. Let q(x) = -5*m(x) + 3*z(x). Calculate q(g).
-12
Let i(t) = t**3 - 7*t**2 + 6*t + 1. Let q be (-4 + 21/4)*4. Calculate i(q).
-19
Let a(v) = v**3 + v**2 - v + 1. Suppose 0*g = -g - 2. Let j be a(g). Let o(m) = -4*m - 1. What is o(j)?
3
Let k(j) be the first derivative of j**2 + 3*j + 8. Determine k(-3).
-3
Let j(w) = -5*w - 27. Let a(p) = p + 7. Let f(x) = -9*a(x) - 2*j(x). Suppose 2*c = -5*t + 45, 5*c - 3 = -4*t + 50. Suppose t = 3*k - 5. Calculate f(k).
-5
Let l(t) = 3*t + 12. Let q be l(-3). Let k(u) = 2*u**2 + u + 1. Determine k(q).
22
Let y = -1 + 1. Let i be 2 + y*(0 - 1). Let s(k) = -k - 3. Let p(t) = -2*t - 7. Let j(v) = 3*p(v) - 7*s(v). Calculate j(i).
2
Let w(a) = -2*a**2 + 2*a - 2. Let h be 4/(-30) - 1012/60. Let x = 19 + h. What is w(x)?
-6
Let t(u) be the third derivative of u**6/120 - u**5/10 + u**4/4 + u**3 + 9*u**2. Give t(5).
11
Let y(i) be the second derivative of -i**5/10 + i**3/6 + 2*i. Suppose 0 = 5*s - s - 4. Let b = s - 2. Calculate y(b).
1
Let g(i) = 4*i - 4. Let l be g(-1). Let k(s) = 2*s + 10. Give k(l).
-6
Let d be (-55)/(-10) + 1/(-2). Let y(k) = k**3 - 5*k**2 + 2*k - 7. Give y(d).
3
Let z(h) be the third derivative of -h**4/12 - 5*h**3/6 - 3*h**2. Let q(t) = 2*t**2 - 2*t**2 + 8*t - 5*t**2 - t**3 + 0*t**3 + 8. Let j be q(-6). What is z(j)?
3
Let i = 9 - 6. Let t(w) = 2*w + 2. Let k(h) = -3 + 1 - 4 - 5*h. Let n(r) = 3*k(r) + 8*t(r). What is n(i)?
1
Suppose -4*c - 5*d + 2 = 0, -3*c - 4*d = d + 1. Let g = c + 1. Let z(i) = -i**2 - 2 + g*i**2 - 3*i - 4*i**2. Determine z(-2).
0
Let s(x) = -x**3 + 8*x**2 + 10*x - 10. Let i be s(9). Let d(c) be the first derivative of 9*c**4/4 + 2*c**3/3 + c**2 + c - 6. What is d(i)?
-8
Let w(c) = -3*c - 1. Suppose -21*x - 6 = -19*x. Determine w(x).
8
Let x(i) = i**2 - i + 11. Let d(q) = -q - 2*q**2 + 4*q**2 + 17 + 0*q**2. Let s(y) = -5*d(y) + 8*x(y). Determine s(-3).
-6
Let m(t) = -3*t + 5. Let y be (-1)/(-1) - (-20 + 15). Give m(y).
-13
Let p(g) be the second derivative of g**5/60 + g**4/6 + g**3/6 + 5*g**2/2 - 7*g. Let d(i) be the first derivative of p(i). Determine d(-5).
6
Let p(i) = -24*i**2 + 20*i**2 - i**3 + 3*i + 0*i**3 - 3 + 8*i**2. Give p(4).
9
Let o = -4 + 15. Let y(c) = -2*c**3 + c**2 + 23*c + 17. Let q(k) = k**3 - k**2 - 12*k - 9. Let i(v) = o*q(v) + 6*y(v). Calculate i(-6).
3
Suppose 2*f + v = 1, 7*v + 5 = -2*f + 4*v. Let a(c) = -2*c**2 + 1 - c + 2*c + c**f. Let u(w) = -w**2 + 18*w - 18. Let r be u(17). What is a(r)?
-1
Let m(j) = j**3 + 1. Let h(p) = 2*p**3 - 4*p**2 + 4*p + 3. Let z(v) = -h(v) + 3*m(v). Let r = -16 + 11. What is z(r)?
-5
Let u(c) = c**2 - 2*c + 2. Let q be (-20)/30 - (-8)/3. Deter